Let r be f(39). What is the highest common factor of 100 and r?
20
Let t be (-9648)/670*50/(-4). Calculate the highest common divisor of t and 4360.
20
Suppose 61 + 89 = 3*q. Suppose -3*p - 18 = -4*p. Suppose -8 + p = x. Calculate the greatest common divisor of x and q.
10
Suppose -22*k + 328 = -112. Let q(u) = -u. Let c be q(-3). Suppose 12 = c*j - 0*j. Calculate the greatest common divisor of k and j.
4
Let r(m) = 5*m - 1. Let k be r(0). Let i be (k - 16/(-3))/((-4)/(-48)). Let h = 71 - i. Calculate the highest common factor of 57 and h.
19
Let c = -665 + 737. What is the greatest common factor of c and 3006?
18
Let d = 69 - 56. Let l = d - 4. Calculate the greatest common divisor of l and 171.
9
Suppose 2090 = 4*k + 2*m, -6*m + 505 = k - 2*m. What is the greatest common factor of 49 and k?
7
Suppose 505*m - 499*m + 720 = 0. Let h be (8 + 48)*m/(-14). What is the greatest common divisor of h and 12?
12
Suppose -34*j = -11203 - 32181. Calculate the highest common divisor of 986 and j.
58
Let z(c) = 2*c**3 + 2*c**2 + 3*c + 24. Let o be z(0). Let p be 2/4*0 + 40. Let r = p - o. What is the highest common factor of 64 and r?
16
Suppose -850*p + 815*p = -840. What is the highest common factor of 78 and p?
6
Suppose -3*q = 4*x - 13, 4*x = 7*x + 2*q - 11. Suppose 24*s = -209*s + 52192. What is the greatest common factor of x and s?
7
Suppose -43*a + 38*a = -120. Suppose a*g - 1027 = 317. Calculate the greatest common divisor of g and 4.
4
Let y = -1256 - -1283. What is the highest common divisor of y and 32?
1
Let r(x) = 2*x**3 - 2*x**2 - 14*x - 4. Let k be r(6). Suppose 2*p = -2*w + k, 3*w - 416 = -0*w - 5*p. Calculate the greatest common factor of w and 44.
44
Let b be (9 - -22) + -9 + 8 + 4. Calculate the greatest common factor of b and 1666.
34
Let c(o) = 4*o**2 - 24*o - o**3 - 25*o - 25*o - 3 + 74*o. Suppose -8 = -q + t, -3*t = t + 20. Let z be c(q). Calculate the greatest common factor of z and 8.
2
Let i(m) = 3*m + 6. Let f be i(6). Let b = 388 - 276. Suppose b = 7*n - 1232. What is the highest common factor of f and n?
24
Let n be (-3)/5 - (-378)/5. Suppose 16*f + 12 = 18*f. Suppose -f*u + 135 = 3*u. Calculate the greatest common factor of n and u.
15
Let d = 27 - 32. Let u be (84/20 - (-1)/d) + 1. Suppose -5*j - u*b + 585 = 0, -7 = b - 3. What is the greatest common factor of j and 11?
11
Suppose -3*p = 5*w - 180, 0 = -p + w - 4*w + 60. What is the greatest common factor of p and 1068?
12
Let g = 359 - 158. Calculate the greatest common factor of 3953 and g.
67
Let i be (4 + -2 + -56)/(15/10). Suppose -3*b + 131 = 5*p, -p + 5*p + 20 = 0. Let s = i + b. Calculate the greatest common factor of s and 32.
16
Let v be (8 + -10)/((-42)/126 + 5/(-390)*-22). Let k be 7/(2/(12/2)). What is the greatest common factor of v and k?
3
Suppose -39*n + 40*n - 2 = 0. Suppose 10 = -n*x + 20. Let i be (32/5)/(2/x). What is the highest common factor of i and 40?
8
Let c(d) = d**2 + 18*d + 24 + 8 + 7 + 2. Let s be c(-16). Let l be (s - 7) + 74/2. Calculate the highest common factor of l and 13.
13
Suppose -71 = -3*r - 785. Let g = r + 240. Calculate the greatest common divisor of g and 11.
1
Let y(x) = -7*x**3 + 6*x**2 + 39*x - 112. Let m be y(-10). What is the greatest common factor of 14 and m?
14
Let w(s) be the second derivative of s**4/6 + s**3/6 + 5*s**2/2 + 27*s - 1. Let v be w(3). Calculate the greatest common factor of 286 and v.
26
Suppose 8*a - 495 - 497 = 0. Suppose a = 2*v - 5*b, -3*b = -v + 2*b + 67. What is the greatest common divisor of v and 6?
3
Let x(z) be the second derivative of -z**4/12 - 13*z**3/6 + 7*z**2/2 + 7*z. Let s = -5 - 1. Let j be x(s). What is the highest common divisor of j and 7?
7
Let m(y) = -14*y - 21. Let g be m(-2). Suppose -12*j + g*j + 10 = 0. What is the highest common factor of 50 and j?
2
Let a be (-35200)/(-560) - (-16)/14. Calculate the highest common divisor of a and 1200.
16
Suppose 1084*t + 8*n = 1084*t - 32, 3*t + 4*n = 83. Suppose 64 = 2*r + 2*r. Suppose -28 = -f + r. Calculate the greatest common factor of f and t.
11
Suppose 16*o - 3094 = 3*o. Let y = o + -222. Calculate the highest common factor of y and 8.
8
Let p(g) = 2*g**2 + 9*g + 22. Let z be 1/(18/(-15) - (-10 + 9)). Let k be p(z). Calculate the greatest common divisor of 6 and k.
3
Suppose -42*f + 37*f + 2725 = 4*v, -5*f = 3*v - 2050. Calculate the greatest common factor of 100 and v.
25
Let n = 18668 + -4768. Calculate the highest common factor of n and 25.
25
Let g be (-12)/((-25)/6 - -4). Suppose 12*t = 14*t - g. Suppose 3*m - 4*m = -24. What is the highest common divisor of m and t?
12
Suppose -40*u = -27*u. Suppose u = 5*d - 3*t - 369, 9*t = -3*d + 13*t + 217. What is the highest common factor of 525 and d?
75
Let w = 514 - 263. Suppose 11*k - w = 134. Suppose -6 = 2*y - 4*n, -2*y = -6*n + n + 10. Calculate the greatest common divisor of k and y.
5
Let o(a) = 2*a - 5*a + 50 + 10*a**2 + a**3 + 42. Let w be o(-11). Calculate the greatest common factor of 44 and w.
4
Let d = 136 + -132. Suppose d*f - 377 = 22*g - 25*g, -91 = -f - 4*g. What is the highest common factor of f and 5?
5
Suppose 3*l - 258 = 3*w, 4*l + 5*w = -0*l + 371. Let m = l - -142. What is the greatest common factor of m and 7?
7
Let r(o) = -3434*o - 834. Let f be r(-1). What is the highest common factor of 39 and f?
13
Suppose -2*u - 3*s - 25 = 0, 2*u + 2*s = -0*s - 20. Let x be u/15 + 2 + (-2)/(-6). Suppose 2*q - 92 = -x*q. Calculate the highest common factor of 207 and q.
23
Let p be ((-2134)/(-5) - 4) + 3/15. Suppose 3*y - c - 45 = -15, -5*c = 15. Calculate the greatest common divisor of y and p.
9
Let l be (-1 - 10) + 41 + -14. Suppose 936 = 7*i + 6*i. Calculate the greatest common factor of l and i.
8
Let j be (-8)/14*77/(-22). Suppose g + 171 = -5*u - 0*g, j*g - 8 = 0. Let i = 43 + u. What is the greatest common divisor of 20 and i?
4
Let z be (0 - 20/7)/((-10)/35). Let v(s) = -s**3 - 19*s**2 + 2*s + 26. Let q be v(-19). Let x be 0 - -7 - q/4. What is the greatest common factor of x and z?
10
Let g = 443 - 1065. Let k = g - -640. Let w be (-2)/(-6) - 215/(-3). Calculate the greatest common divisor of w and k.
18
Suppose 3122 = 2*t - 3*l - 145, 3*t - 4899 = 4*l. What is the highest common factor of 36 and t?
9
Suppose 5*i - 12 = -i. Suppose -4*q - 66 = -3*n + 10, 0 = 4*n + i*q - 138. What is the highest common divisor of n and 128?
32
Suppose 7*f - 109 - 143 = 0. Let q be (-271)/(-5) + 5/(-25). Calculate the highest common divisor of f and q.
18
Let k = 5 + 61. Let m be 7*((-39)/(-7) + k/(-22)). What is the highest common factor of 450 and m?
18
Suppose 5*w + 2*a = 2758, 2*w - 4*w + 2*a = -1106. Let s(b) = -b**2 - 19*b - 64. Let m be s(-8). Calculate the greatest common divisor of m and w.
24
Suppose -16*d - 25 = -57. Suppose d*x = 3*h - 267 - 125, -140 = -h - 4*x. What is the highest common divisor of 297 and h?
33
Let m be 13*7/((-84)/(-2316)). What is the highest common factor of m and 13?
13
Let p(k) = -k - 3. Let g be p(-3). Suppose -5*c - 2*o + 29 = g, -2*c - o + 4 = -c. Suppose -b = c - 11. What is the highest common divisor of 16 and b?
4
Let g(w) = -w**3 - 17*w**2 - 21*w + 63. Let r be g(-16). Calculate the greatest common factor of 169 and r.
13
Suppose -8*m + 9*m + 3*l = 17, 2*l = 2. What is the highest common divisor of m and 59206?
14
Let i be 26/((-156)/(-9342)) + -6. Calculate the greatest common factor of 22 and i.
11
Let x be (-12)/(-21) + 7*(-2764)/(-98). Calculate the highest common divisor of 162 and x.
18
Suppose o - 535*g = -539*g + 18, -3*g = -3*o + 24. Let x = -8 + 11. Suppose -x*p - o = -5*p. What is the greatest common factor of 5 and p?
5
Suppose -5*g - 3010 = -m, 3*g - 11879 = -3*m - m. Calculate the greatest common divisor of m and 75.
25
Suppose -3*j + 4*k + 16 = -5, 2*k = 0. Suppose a - 2*a + 25 = g, 2*g + a = 53. What is the greatest common factor of g and j?
7
Let f be (-1 + 0)*(-822 + 619). Suppose 0 = 4*j, -2*j - 3 + 61 = 2*c. What is the highest common divisor of f and c?
29
Suppose -11*m = -7*m. Suppose -8*u + 9*u = -4*h + 160, -5*h - 2*u + 203 = m. Suppose -h*z + 40*z - 2 = 0. Calculate the highest common divisor of 2 and z.
2
Let l(v) = -49*v + 2373. Let b be l(47). Calculate the greatest common divisor of 7882 and b.
14
Let s be ((-